{"id":220,"date":"2018-03-11T13:36:46","date_gmt":"2018-03-11T12:36:46","guid":{"rendered":"http:\/\/gnd.bme.hu\/cansat\/?page_id=220"},"modified":"2020-05-31T15:37:18","modified_gmt":"2020-05-31T14:37:18","slug":"illyes-andras","status":"publish","type":"page","link":"https:\/\/gnd.bme.hu\/cansat\/index.php\/csapat\/illyes-andras\/","title":{"rendered":"Illy\u00e9s Andr\u00e1s"},"content":{"rendered":"<style type=\"text\/css\">#maintext{\n\t\t\t\t\t\tbackground:  none repeat scroll 0 0 #ffffff;\n\t\t\t\t\t\ttext-align:left;\n\t\t\t\t\t\tmargin-top: 20px;\n\t\t\t\t\t\tcolor: #333;\n\t\t\t\t\t\ttext-align: justify;\n\t\t\t\t\t\ttext-justify: inter-word;\n\t\t\t\t\t\tfont-family: 'Roboto', sans-serif;\n\t\t\t\t\t\tword-wrap: break-word;\n\t\t\t\t\t\toverflow-wrap: break-word;\n\t\t\t\t\t\tpadding: 5px 10px;\n\t\t\t\t\t\t}\n<\/style>\n<div id=\"maintext\">\n<p>Leg\u00e9rdekesebb hobbimnak a terrarisztik\u00e1t \u00e9s a b\u00fav\u00e1rkod\u00e1st tartom. \u00c1ltal\u00e1ban pedig a zene kapcsol ki a legjobban. 13 \u00e9ve zen\u00e9lek, a szaxofon a kedvenc hangszerem, de a git\u00e1rozni \u00e9s zongor\u00e1zni is szoktam. Sportolni is nagyon szeretek, f\u0151leg a csapatsportok k\u00f6tnek le. 10 \u00e9vig j\u00e9gkorongoztam: sz\u00e1momra a hoki a legkedvesebb sport.<\/p>\n<p>Az iskol\u00e1ban a term\u00e9szettudom\u00e1nyok (legjobb a fizika \u00e9s k\u00e9mia foglalkoztat, de a biol\u00f3gia is) vonzottak mindig, de az informatik\u00e1t \u00e9s a matematik\u00e1t is kedvelem. \u00dajabban csillag\u00e1szattal \u00e9s asztrofizik\u00e1val is foglalkozom, amib\u0151l &#8211; a t\u00f6bbi ter\u00fclethez hasonl\u00f3an &#8211; orsz\u00e1gos versenyeken m\u00e9rem le tud\u00e1somat, t\u00f6bbsz\u00f6r igen sikeresen. Nyelveket is mindig szerettem tanulni, angol, n\u00e9met \u00e9s spanyol nyelven is besz\u00e9lek.<\/p>\n<p>A csapat menedzsel\u00e9s\u00e9ben, szervez\u00e9s\u00e9ben veszek r\u00e9szt, igyekszem seg\u00edteni a t\u00f6bbiek munk\u00e1j\u00e1t. A saj\u00e1t munk\u00e1m pedig a CanSat tokoz\u00e1s\u00e1nak megtervez\u00e9se \u00e9s elk\u00e9sz\u00edt\u00e9se, valamint a c\u00e9lzott lesz\u00e1ll\u00e1s hardveres k\u00f6vetelm\u00e9nyeinek megval\u00f3s\u00edt\u00e1sa.<\/p>\n<\/div>\n","protected":false},"excerpt":{"rendered":"<p>Leg\u00e9rdekesebb hobbimnak a terrarisztik\u00e1t \u00e9s a b\u00fav\u00e1rkod\u00e1st tartom. \u00c1ltal\u00e1ban pedig a zene kapcsol ki a legjobban. 13 \u00e9ve zen\u00e9lek, a szaxofon a kedvenc hangszerem, de a git\u00e1rozni \u00e9s zongor\u00e1zni is szoktam. Sportolni is nagyon szeretek, f\u0151leg a csapatsportok k\u00f6tnek le. 10 \u00e9vig j\u00e9gkorongoztam: sz\u00e1momra a hoki a legkedvesebb sport. Az iskol\u00e1ban a term\u00e9szettudom\u00e1nyok (legjobb a &hellip; <\/p>\n<p class=\"link-more\"><a href=\"https:\/\/gnd.bme.hu\/cansat\/index.php\/csapat\/illyes-andras\/\" class=\"more-link\">Continue reading<span class=\"screen-reader-text\"> &#8220;Illy\u00e9s Andr\u00e1s&#8221;<\/span><\/a><\/p>\n","protected":false},"author":4,"featured_media":0,"parent":31,"menu_order":0,"comment_status":"closed","ping_status":"closed","template":"page-templates\/page_fullwidth.php","meta":{"footnotes":""},"class_list":["post-220","page","type-page","status-publish","hentry","entry"],"_links":{"self":[{"href":"https:\/\/gnd.bme.hu\/cansat\/index.php\/wp-json\/wp\/v2\/pages\/220","targetHints":{"allow":["GET"]}}],"collection":[{"href":"https:\/\/gnd.bme.hu\/cansat\/index.php\/wp-json\/wp\/v2\/pages"}],"about":[{"href":"https:\/\/gnd.bme.hu\/cansat\/index.php\/wp-json\/wp\/v2\/types\/page"}],"author":[{"embeddable":true,"href":"https:\/\/gnd.bme.hu\/cansat\/index.php\/wp-json\/wp\/v2\/users\/4"}],"replies":[{"embeddable":true,"href":"https:\/\/gnd.bme.hu\/cansat\/index.php\/wp-json\/wp\/v2\/comments?post=220"}],"version-history":[{"count":12,"href":"https:\/\/gnd.bme.hu\/cansat\/index.php\/wp-json\/wp\/v2\/pages\/220\/revisions"}],"predecessor-version":[{"id":2130,"href":"https:\/\/gnd.bme.hu\/cansat\/index.php\/wp-json\/wp\/v2\/pages\/220\/revisions\/2130"}],"up":[{"embeddable":true,"href":"https:\/\/gnd.bme.hu\/cansat\/index.php\/wp-json\/wp\/v2\/pages\/31"}],"wp:attachment":[{"href":"https:\/\/gnd.bme.hu\/cansat\/index.php\/wp-json\/wp\/v2\/media?parent=220"}],"curies":[{"name":"wp","href":"https:\/\/api.w.org\/{rel}","templated":true}]}}