{"id":36,"date":"2018-02-23T20:08:25","date_gmt":"2018-02-23T19:08:25","guid":{"rendered":"http:\/\/gnd.bme.hu\/cansat\/?page_id=36"},"modified":"2020-05-31T15:07:06","modified_gmt":"2020-05-31T14:07:06","slug":"our-sponsors","status":"publish","type":"page","link":"https:\/\/gnd.bme.hu\/cansat\/index.php\/en\/our-sponsors\/","title":{"rendered":"Our sponsors"},"content":{"rendered":"<style type=\"text\/css\">#maintext{\n\t\t\t\t\t\tbackground:  none repeat scroll 0 0 #ffffff;\n\t\t\t\t\t\ttext-align:left;\n\t\t\t\t\t\tmargin-top: 20px;\n\t\t\t\t\t\tcolor: #333;\n\t\t\t\t\t\ttext-align: justify;\n\t\t\t\t\t\ttext-justify: inter-word;\n\t\t\t\t\t\tfont-family: 'Roboto', sans-serif;\n\t\t\t\t\t\tword-wrap: break-word;\n\t\t\t\t\t\toverflow-wrap: break-word;\n\t\t\t\t\t\tpadding: 5px 10px;\n\t\t\t\t\t\t}\n<\/style>\n<div id=\"maintext\">\n<p>On the <a href=\"https:\/\/gnd.bme.hu\/cansat\/index.php\/en\/team\/\" target=\"_self\">Team page<\/a> we have listed our professional partners, without whom the project could not have been came into being. Thank you for their help here as well!<br \/>\nWe are very grateful to our financial supporters, since without them we were not able to finance our project.<\/p>\n<p>We gladly welcome any further support for organizing the Hungarian CanSat Competition!<br \/>\nAccording to our plans, the Hungarian competition will start in the 2019\/2020 academic year, and the winner will go to the 2020 ESA competition.<br \/>\nFor further information please <a href=\"https:\/\/gnd.bme.hu\/cansat\/index.php\/en\/contact\/\" target=\"_self\">contact us<\/a>!<\/p>\n<p>The 2019 Hungarian team, GRLSat also can be supported. In this regard feel free to <a href=\"https:\/\/gnd.bme.hu\/cansat\/index.php\/en\/contact\/\" target=\"_self\">contact us<\/a> or contact <a href=\"https:\/\/www.facebook.com\/grlsat2019\/\" target=\"_blank\">GRLSat<\/a> team!<br \/>\n<br \/>\nIf you like our work, you can help us via supporting the Radio Club Association of Budapest University of Technology and Economics as follows:<\/p>\n<p>Supported association: M\u0171egyetemi R\u00e1di\u00f3 Club Egyes\u00fclet<br \/>\nSeat of the association: 1111 Budapest, Egry J\u00f3zsef utca 18.<br \/>\nContact person of the association: Dr. Andr\u00e1s Gschwindt (<a href=\"mailto:gschwindt@hvt.bme.hu\">gschwindt@hvt.bme.hu<\/a>)<br \/>\nRegistration number: 01-02-0002414<br \/>\nVAT number: 19005072-2-43<br \/>\nEU VAT number: HU19005072<br \/>\nAccount number: 11711034-20331393-00000000<br \/>\nThe name of the account managing bank: OTP<\/p>\n<p>We ask you to specify in the &#8220;Comment&#8221; section during the transfer, that you want to support the HunSat team.<br \/>\nWe are happy to name our supporter, who wants to be named. In this case, please specify a name during the transaction, in whose name you supported us and we ask you to send an exact name and a logo to the <a href=\"mailto:hunsat@gnd.bme.hu\">hunsat@gnd.bme.hu<\/a> e-mail address, with which the supporter will be published in a few days on our website.<\/p>\n<p>You can also support the work of the Association and the prospective CanSat teams by offering 1% of your tax.<\/p>\n<p>If you have any questions, please feel free to <a href=\"https:\/\/gnd.bme.hu\/cansat\/index.php\/en\/contact\/\" target=\"_self\">contact us<\/a>!<\/p>\n<p>Thank you for your support!<br \/>\n<br \/>\nThe enumeration of our supporters is as follows.<br \/>\n<br \/>\nMain supporters:<\/p>\n<div id=\"wp-sponsors\" class=\"clearfix grid\"><div class=\"sponsor-item default en_big\"><a href=http:\/\/en.ramasoft.hu\/ target=\"_blank\" rel=\"nofollow\"><img loading=\"lazy\" decoding=\"async\" width=\"221\" height=\"200\" src=\"https:\/\/gnd.bme.hu\/cansat\/wp-content\/uploads\/2018\/04\/ramasoft_square.png\" class=\"attachment-medium size-medium wp-post-image\" alt=\"Ramasoft\" srcset=\"https:\/\/gnd.bme.hu\/cansat\/wp-content\/uploads\/2018\/04\/ramasoft_square.png 221w, https:\/\/gnd.bme.hu\/cansat\/wp-content\/uploads\/2018\/04\/ramasoft_square-100x90.png 100w\" sizes=\"auto, (max-width: 34.9rem) calc(100vw - 2rem), (max-width: 53rem) calc(8 * (100vw \/ 12)), (min-width: 53rem) calc(6 * (100vw \/ 12)), 100vw\" \/><\/a><p>We are thankful to Ramasoft for their help in covering our travel costs.<\/p>\n<\/div><div class=\"sponsor-item default en_big\"><a href=http:\/\/pbn.hu\/en target=\"_blank\" rel=\"nofollow\"><img loading=\"lazy\" decoding=\"async\" width=\"221\" height=\"200\" src=\"https:\/\/gnd.bme.hu\/cansat\/wp-content\/uploads\/2018\/04\/pbn_square.png\" class=\"attachment-medium size-medium wp-post-image\" alt=\"PBN\" srcset=\"https:\/\/gnd.bme.hu\/cansat\/wp-content\/uploads\/2018\/04\/pbn_square.png 221w, https:\/\/gnd.bme.hu\/cansat\/wp-content\/uploads\/2018\/04\/pbn_square-100x90.png 100w\" sizes=\"auto, (max-width: 34.9rem) calc(100vw - 2rem), (max-width: 53rem) calc(8 * (100vw \/ 12)), (min-width: 53rem) calc(6 * (100vw \/ 12)), 100vw\" \/><\/a><p>Pannon Business Network helped us in the realization of our journey.<\/p>\n<\/div><div class=\"sponsor-item default en_big\"><a href=http:\/\/iqkecskemet.hu\/ target=\"_blank\" rel=\"nofollow\"><img loading=\"lazy\" decoding=\"async\" width=\"220\" height=\"197\" src=\"https:\/\/gnd.bme.hu\/cansat\/wp-content\/uploads\/2018\/04\/iq1.jpg\" class=\"attachment-medium size-medium wp-post-image\" alt=\"IQ\" srcset=\"https:\/\/gnd.bme.hu\/cansat\/wp-content\/uploads\/2018\/04\/iq1.jpg 220w, https:\/\/gnd.bme.hu\/cansat\/wp-content\/uploads\/2018\/04\/iq1-100x90.jpg 100w\" sizes=\"auto, (max-width: 34.9rem) calc(100vw - 2rem), (max-width: 53rem) calc(8 * (100vw \/ 12)), (min-width: 53rem) calc(6 * (100vw \/ 12)), 100vw\" \/><\/a><p>We are grateful to IQ Kecskem\u00e9t Industrial Research Center Ltd. for the opportunity to use their workshop. And also we like to thank the junior engineers for their advice.<\/p>\n<\/div><div class=\"sponsor-item default en_big\"><a href=https:\/\/gamf.uni-neumann.hu target=\"_blank\" rel=\"nofollow\"><img loading=\"lazy\" decoding=\"async\" width=\"200\" height=\"200\" src=\"https:\/\/gnd.bme.hu\/cansat\/wp-content\/uploads\/2018\/07\/gamf2-e1530818176424.png\" class=\"attachment-medium size-medium wp-post-image\" alt=\"GAMF\" sizes=\"auto, (max-width: 34.9rem) calc(100vw - 2rem), (max-width: 53rem) calc(8 * (100vw \/ 12)), (min-width: 53rem) calc(6 * (100vw \/ 12)), 100vw\" \/><\/a><p>Many thanks to teachers of GAMF Department of Automotive Technologies at John von Neumann University for sharing their experiences with us and for helping us as professional mentors.<\/p>\n<\/div><div class=\"sponsor-item default en_big\"><a href=http:\/\/www.ha5mrc.hu\/ target=\"_blank\" rel=\"nofollow\"><img loading=\"lazy\" decoding=\"async\" width=\"220\" height=\"200\" src=\"https:\/\/gnd.bme.hu\/cansat\/wp-content\/uploads\/2018\/04\/mrc_square-e1523310921484.png\" class=\"attachment-medium size-medium wp-post-image\" alt=\"MRC\" sizes=\"auto, (max-width: 34.9rem) calc(100vw - 2rem), (max-width: 53rem) calc(8 * (100vw \/ 12)), (min-width: 53rem) calc(6 * (100vw \/ 12)), 100vw\" \/><\/a><p>Radio Club of Budapest University of Technology and Economics handled a part of our finances, and supported our project.<\/p>\n<\/div><div class=\"sponsor-item default en_big\"><a href=http:\/\/brickztech.com\/ target=\"_blank\" rel=\"nofollow\"><img loading=\"lazy\" decoding=\"async\" width=\"218\" height=\"218\" src=\"https:\/\/gnd.bme.hu\/cansat\/wp-content\/uploads\/2018\/04\/brickz-e1524772243273.png\" class=\"attachment-medium size-medium wp-post-image\" alt=\"Brickz\" sizes=\"auto, (max-width: 34.9rem) calc(100vw - 2rem), (max-width: 53rem) calc(8 * (100vw \/ 12)), (min-width: 53rem) calc(6 * (100vw \/ 12)), 100vw\" \/><\/a><p>We really appreciate the support of Brickz Technologies Ltd.<\/p>\n<\/div><div class=\"sponsor-item default en_big\"><a href=http:\/\/hvt.bme.hu\/en\/ target=\"_blank\" rel=\"nofollow\"><img loading=\"lazy\" decoding=\"async\" width=\"226\" height=\"98\" src=\"https:\/\/gnd.bme.hu\/cansat\/wp-content\/uploads\/2018\/07\/hvt.jpg\" class=\"attachment-medium size-medium wp-post-image\" alt=\"HVT\" srcset=\"https:\/\/gnd.bme.hu\/cansat\/wp-content\/uploads\/2018\/07\/hvt.jpg 226w, https:\/\/gnd.bme.hu\/cansat\/wp-content\/uploads\/2018\/07\/hvt-100x43.jpg 100w\" sizes=\"auto, (max-width: 34.9rem) calc(100vw - 2rem), (max-width: 53rem) calc(8 * (100vw \/ 12)), (min-width: 53rem) calc(6 * (100vw \/ 12)), 100vw\" \/><\/a><p>The teachers of the Department of Broadband Infocommunications and Electromagnetic Theory at Budapest University of Technology and Economics were our mentors in electrical and programming tasks and helped us with their advice.<\/p>\n<\/div><div class=\"sponsor-item default en_big\"><a href=http:\/\/www.atl-fo.eu\/en target=\"_blank\" rel=\"nofollow\"><img loading=\"lazy\" decoding=\"async\" width=\"220\" height=\"106\" src=\"https:\/\/gnd.bme.hu\/cansat\/wp-content\/uploads\/2018\/07\/atl-e1530817456894.jpg\" class=\"attachment-medium size-medium wp-post-image\" alt=\"ATL\" sizes=\"auto, (max-width: 34.9rem) calc(100vw - 2rem), (max-width: 53rem) calc(8 * (100vw \/ 12)), (min-width: 53rem) calc(6 * (100vw \/ 12)), 100vw\" \/><\/a><p>Thank you for the support of ATL Ltd.!<\/p>\n<\/div><div class=\"sponsor-item default en_big\"><a href=http:\/\/www.bme.hu\/?language=en target=\"_blank\" rel=\"nofollow\"><img loading=\"lazy\" decoding=\"async\" width=\"220\" height=\"220\" src=\"https:\/\/gnd.bme.hu\/cansat\/wp-content\/uploads\/2018\/07\/bme-e1530818492314.png\" class=\"attachment-medium size-medium wp-post-image\" alt=\"BME\" sizes=\"auto, (max-width: 34.9rem) calc(100vw - 2rem), (max-width: 53rem) calc(8 * (100vw \/ 12)), (min-width: 53rem) calc(6 * (100vw \/ 12)), 100vw\" \/><\/a><p>Thank you to BME for providing us their labs!<\/p>\n<\/div><div class=\"sponsor-item default en_big\"><a href=https:\/\/gamf.uni-neumann.hu target=\"_blank\" rel=\"nofollow\"><img loading=\"lazy\" decoding=\"async\" width=\"220\" height=\"200\" src=\"https:\/\/gnd.bme.hu\/cansat\/wp-content\/uploads\/2018\/04\/gamf_square-e1524762445495.png\" class=\"attachment-medium size-medium wp-post-image\" alt=\"Neumann\" sizes=\"auto, (max-width: 34.9rem) calc(100vw - 2rem), (max-width: 53rem) calc(8 * (100vw \/ 12)), (min-width: 53rem) calc(6 * (100vw \/ 12)), 100vw\" \/><\/a><p>We want to say thank you to the GAMF Foundation for Innovative Youth for the support.<\/p>\n<\/div><\/div>\n<p>Further supporters:<\/p>\n<div id=\"wp-sponsors\" class=\"clearfix grid\"><div class=\"sponsor-item default en\"><a href=https:\/\/alapitvany.piarista.hu\/ target=\"_blank\" rel=\"nofollow\"><img loading=\"lazy\" decoding=\"async\" width=\"218\" height=\"196\" src=\"https:\/\/gnd.bme.hu\/cansat\/wp-content\/uploads\/2018\/04\/piar2-e1524762179306.png\" class=\"attachment-medium size-medium wp-post-image\" alt=\"Piar\" sizes=\"auto, (max-width: 34.9rem) calc(100vw - 2rem), (max-width: 53rem) calc(8 * (100vw \/ 12)), (min-width: 53rem) calc(6 * (100vw \/ 12)), 100vw\" \/><\/a><p>Thank you very much for the Piarist Foundation for their support, which we used during the purchase of our equipment.<\/p>\n<\/div><div class=\"sponsor-item default en\"><a href=https:\/\/gnd.bme.hu\/cansat\/404.php target=\"_blank\" rel=\"nofollow\"><img loading=\"lazy\" decoding=\"async\" width=\"220\" height=\"197\" src=\"https:\/\/gnd.bme.hu\/cansat\/wp-content\/uploads\/2018\/04\/eumentor2.png\" class=\"attachment-medium size-medium wp-post-image\" alt=\"EUMentorLtd\" srcset=\"https:\/\/gnd.bme.hu\/cansat\/wp-content\/uploads\/2018\/04\/eumentor2.png 220w, https:\/\/gnd.bme.hu\/cansat\/wp-content\/uploads\/2018\/04\/eumentor2-100x90.png 100w\" sizes=\"auto, (max-width: 34.9rem) calc(100vw - 2rem), (max-width: 53rem) calc(8 * (100vw \/ 12)), (min-width: 53rem) calc(6 * (100vw \/ 12)), 100vw\" \/><\/a><p>EU-Mentor helped us cover our costs, and helped the organization of the project with useful advice.<\/p>\n<\/div><div class=\"sponsor-item default en\"><a href=https:\/\/gnd.bme.hu\/cansat\/404.php target=\"_blank\" rel=\"nofollow\"><img loading=\"lazy\" decoding=\"async\" width=\"220\" height=\"197\" src=\"https:\/\/gnd.bme.hu\/cansat\/wp-content\/uploads\/2018\/04\/presshouse2.png\" class=\"attachment-medium size-medium wp-post-image\" alt=\"PressHouseLtd\" srcset=\"https:\/\/gnd.bme.hu\/cansat\/wp-content\/uploads\/2018\/04\/presshouse2.png 220w, https:\/\/gnd.bme.hu\/cansat\/wp-content\/uploads\/2018\/04\/presshouse2-100x90.png 100w\" sizes=\"auto, (max-width: 34.9rem) calc(100vw - 2rem), (max-width: 53rem) calc(8 * (100vw \/ 12)), (min-width: 53rem) calc(6 * (100vw \/ 12)), 100vw\" \/><\/a><p>We are grateful to Press House Ltd. for the provided financial support.<\/p>\n<\/div><div class=\"sponsor-item default en\"><a href=http:\/\/annapanni.hu\/ target=\"_blank\" rel=\"nofollow\"><img loading=\"lazy\" decoding=\"async\" width=\"219\" height=\"219\" src=\"https:\/\/gnd.bme.hu\/cansat\/wp-content\/uploads\/2018\/05\/inno-e1525891532159.png\" class=\"attachment-medium size-medium wp-post-image\" alt=\"Inno\" sizes=\"auto, (max-width: 34.9rem) calc(100vw - 2rem), (max-width: 53rem) calc(8 * (100vw \/ 12)), (min-width: 53rem) calc(6 * (100vw \/ 12)), 100vw\" \/><\/a><p>Thanks to InnoTotal Ltd., the retailer of AnnaPanni Hungarian gluten-free products.<\/p>\n<\/div><div class=\"sponsor-item default en\"><a href=https:\/\/www.hpcconsulting.hu\/english\/ target=\"_blank\" rel=\"nofollow\"><img loading=\"lazy\" decoding=\"async\" width=\"289\" height=\"289\" src=\"https:\/\/gnd.bme.hu\/cansat\/wp-content\/uploads\/2018\/05\/hpc.png\" class=\"attachment-medium size-medium wp-post-image\" alt=\"HPC\" sizes=\"auto, (max-width: 34.9rem) calc(100vw - 2rem), (max-width: 53rem) calc(8 * (100vw \/ 12)), (min-width: 53rem) calc(6 * (100vw \/ 12)), 100vw\" \/><\/a><p>We are grateful for the support of HPC Consulting Ltd.<\/p>\n<\/div><div class=\"sponsor-item default en\"><a href=http:\/\/quantumleap.hu\/exploration.html target=\"_blank\" rel=\"nofollow\"><img loading=\"lazy\" decoding=\"async\" width=\"219\" height=\"219\" src=\"https:\/\/gnd.bme.hu\/cansat\/wp-content\/uploads\/2018\/06\/quantum2-e1528148841635.png\" class=\"attachment-medium size-medium wp-post-image\" alt=\"Quantum\" sizes=\"auto, (max-width: 34.9rem) calc(100vw - 2rem), (max-width: 53rem) calc(8 * (100vw \/ 12)), (min-width: 53rem) calc(6 * (100vw \/ 12)), 100vw\" \/><\/a><p>Our team has successfully completed Stage 1 incubation at Quantum Leap. Quantum also supports our later market entry.<\/p>\n<\/div><div class=\"sponsor-item default en\"><a href=http:\/\/en.mauri.hu\/ target=\"_blank\" rel=\"nofollow\"><img loading=\"lazy\" decoding=\"async\" width=\"219\" height=\"219\" src=\"https:\/\/gnd.bme.hu\/cansat\/wp-content\/uploads\/2018\/06\/mauri-e1528149199784.jpeg\" class=\"attachment-medium size-medium wp-post-image\" alt=\"Mauri\" sizes=\"auto, (max-width: 34.9rem) calc(100vw - 2rem), (max-width: 53rem) calc(8 * (100vw \/ 12)), (min-width: 53rem) calc(6 * (100vw \/ 12)), 100vw\" \/><\/a><p>We thank the Mauri Travel Agency for the conscientious help in organizing our trip.<\/p>\n<\/div><div class=\"sponsor-item default en\"><a href=http:\/\/tct.hu\/en target=\"_blank\" rel=\"nofollow\"><img loading=\"lazy\" decoding=\"async\" width=\"219\" height=\"219\" src=\"https:\/\/gnd.bme.hu\/cansat\/wp-content\/uploads\/2018\/06\/tct-e1528295546968.png\" class=\"attachment-medium size-medium wp-post-image\" alt=\"TcT\" sizes=\"auto, (max-width: 34.9rem) calc(100vw - 2rem), (max-width: 53rem) calc(8 * (100vw \/ 12)), (min-width: 53rem) calc(6 * (100vw \/ 12)), 100vw\" \/><\/a><p>The TcT Group supported us with our travel costs. They also presented us the technology of 3D metal printing.<\/p>\n<\/div><div class=\"sponsor-item default en\"><a href=https:\/\/collmot.com target=\"_blank\" rel=\"nofollow\"><img loading=\"lazy\" decoding=\"async\" width=\"219\" height=\"219\" src=\"https:\/\/gnd.bme.hu\/cansat\/wp-content\/uploads\/2018\/06\/collmot-e1528296469385.png\" class=\"attachment-medium size-medium wp-post-image\" alt=\"CollMot\" sizes=\"auto, (max-width: 34.9rem) calc(100vw - 2rem), (max-width: 53rem) calc(8 * (100vw \/ 12)), (min-width: 53rem) calc(6 * (100vw \/ 12)), 100vw\" \/><\/a><p>Thanks to CollMot Robotics staff for their advice and the opportunity to carry out tests with drones.<\/p>\n<\/div><div class=\"sponsor-item default en\"><a href=https:\/\/varinex.hu\/ target=\"_blank\" rel=\"nofollow\"><img loading=\"lazy\" decoding=\"async\" width=\"220\" height=\"220\" src=\"https:\/\/gnd.bme.hu\/cansat\/wp-content\/uploads\/2018\/06\/varinex3-e1529361700439.png\" class=\"attachment-medium size-medium wp-post-image\" alt=\"Varinex\" sizes=\"auto, (max-width: 34.9rem) calc(100vw - 2rem), (max-width: 53rem) calc(8 * (100vw \/ 12)), (min-width: 53rem) calc(6 * (100vw \/ 12)), 100vw\" \/><\/a><p>Varinex has given us the opportunity to work with their 3D printers using SLS technology: the chassis of the flying version was made with sintering.<\/p>\n<\/div><div class=\"sponsor-item default en\"><a href=https:\/\/laptopszerviz.com\/ target=\"_blank\" rel=\"nofollow\"><img loading=\"lazy\" decoding=\"async\" width=\"220\" height=\"220\" src=\"https:\/\/gnd.bme.hu\/cansat\/wp-content\/uploads\/2018\/06\/laptop2-e1529845649894.png\" class=\"attachment-medium size-medium wp-post-image\" alt=\"Laptop\" sizes=\"auto, (max-width: 34.9rem) calc(100vw - 2rem), (max-width: 53rem) calc(8 * (100vw \/ 12)), (min-width: 53rem) calc(6 * (100vw \/ 12)), 100vw\" \/><\/a><p>Thanks for the support of Advansys!<\/p>\n<\/div><div class=\"sponsor-item default en\"><a href=http:\/\/friebeart.hu\/ target=\"_blank\" rel=\"nofollow\"><img loading=\"lazy\" decoding=\"async\" width=\"300\" height=\"300\" src=\"https:\/\/gnd.bme.hu\/cansat\/wp-content\/uploads\/2018\/07\/friebeart2.png\" class=\"attachment-medium size-medium wp-post-image\" alt=\"Friebeart\" sizes=\"auto, (max-width: 34.9rem) calc(100vw - 2rem), (max-width: 53rem) calc(8 * (100vw \/ 12)), (min-width: 53rem) calc(6 * (100vw \/ 12)), 100vw\" \/><\/a><p>Thanks to FriebeArt's graphic design assistance!<\/p>\n<\/div><\/div>\n<p>Thank you for your help!<\/p>\n<\/div>\n","protected":false},"excerpt":{"rendered":"<p>On the Team page we have listed our professional partners, without whom the project could not have been came into being. Thank you for their help here as well! We are very grateful to our financial supporters, since without them we were not able to finance our project. We gladly welcome any further support for &hellip; <\/p>\n<p class=\"link-more\"><a href=\"https:\/\/gnd.bme.hu\/cansat\/index.php\/en\/our-sponsors\/\" class=\"more-link\">Continue reading<span class=\"screen-reader-text\"> &#8220;Our sponsors&#8221;<\/span><\/a><\/p>\n","protected":false},"author":2,"featured_media":0,"parent":0,"menu_order":5,"comment_status":"closed","ping_status":"closed","template":"page-templates\/page_fullwidth.php","meta":{"footnotes":""},"class_list":["post-36","page","type-page","status-publish","hentry","entry"],"_links":{"self":[{"href":"https:\/\/gnd.bme.hu\/cansat\/index.php\/wp-json\/wp\/v2\/pages\/36","targetHints":{"allow":["GET"]}}],"collection":[{"href":"https:\/\/gnd.bme.hu\/cansat\/index.php\/wp-json\/wp\/v2\/pages"}],"about":[{"href":"https:\/\/gnd.bme.hu\/cansat\/index.php\/wp-json\/wp\/v2\/types\/page"}],"author":[{"embeddable":true,"href":"https:\/\/gnd.bme.hu\/cansat\/index.php\/wp-json\/wp\/v2\/users\/2"}],"replies":[{"embeddable":true,"href":"https:\/\/gnd.bme.hu\/cansat\/index.php\/wp-json\/wp\/v2\/comments?post=36"}],"version-history":[{"count":50,"href":"https:\/\/gnd.bme.hu\/cansat\/index.php\/wp-json\/wp\/v2\/pages\/36\/revisions"}],"predecessor-version":[{"id":2120,"href":"https:\/\/gnd.bme.hu\/cansat\/index.php\/wp-json\/wp\/v2\/pages\/36\/revisions\/2120"}],"wp:attachment":[{"href":"https:\/\/gnd.bme.hu\/cansat\/index.php\/wp-json\/wp\/v2\/media?parent=36"}],"curies":[{"name":"wp","href":"https:\/\/api.w.org\/{rel}","templated":true}]}}